{"id":462,"date":"2021-09-22T09:57:31","date_gmt":"2021-09-22T06:57:31","guid":{"rendered":"https:\/\/yn.com.tr\/?page_id=462"},"modified":"2021-09-22T10:00:39","modified_gmt":"2021-09-22T07:00:39","slug":"elektrik","status":"publish","type":"page","link":"https:\/\/yn.com.tr\/index.php\/hizmetlerimiz\/elektrik\/","title":{"rendered":"Elektrik"},"content":{"rendered":"<p>[vc_row el_id=&#8221;yedek&#8221; el_class=&#8221;m-t-n-md p-t-md&#8221;][vc_column][vc_custom_heading text=&#8221;Yedek G\u00fc\u00e7 Sistemleri&#8221; use_theme_fonts=&#8221;yes&#8221; el_class=&#8221;m-b-md&#8221;][vc_column_text]Merkezi olan ak\u00fcm\u00fclat\u00f6r grubu, dizel olan jenerat\u00f6r grubu ve kesintisiz g\u00fc\u00e7 kayna\u011f\u0131 ile alakal\u0131 olan sistem gruplar\u0131n\u0131 i\u00e7eren tesisatlar\u0131n t\u00fcm\u00fc\u00a0 firmam\u0131z taraf\u0131ndan yap\u0131lmaktad\u0131r.[\/vc_column_text][vc_gallery type=&#8221;nivo&#8221; interval=&#8221;3&#8243; images=&#8221;279&#8243; img_size=&#8221;1140&#215;430&#8243; onclick=&#8221;&#8221; el_class=&#8221;nav-right mb-1&#8243;][vc_separator color=&#8221;custom&#8221; style=&#8221;solid&#8221; gap=&#8221;taller&#8221; accent_color=&#8221;#dbdbdb&#8221; el_class=&#8221;m-b-none&#8221;][\/vc_column][\/vc_row][vc_row el_id=&#8221;aydinlatma&#8221; el_class=&#8221;m-t-n-md p-t-md&#8221;][vc_column][vc_custom_heading text=&#8221;Ayd\u0131nlatma Sistemleri&#8221; use_theme_fonts=&#8221;yes&#8221; el_class=&#8221;m-b-md&#8221;][vc_column_text]Acil durum ayd\u0131nlatmas\u0131, genel ayd\u0131nlatma, \u00e7evre ayd\u0131nlatmas\u0131, ayd\u0131nlatma ile alakal\u0131 kontroller firmam\u0131z taraf\u0131ndan yap\u0131lmaktad\u0131r.[\/vc_column_text][vc_gallery type=&#8221;nivo&#8221; interval=&#8221;3&#8243; images=&#8221;284,283&#8243; img_size=&#8221;1140&#215;430&#8243; onclick=&#8221;&#8221; el_class=&#8221;nav-right mb-1&#8243;][vc_separator color=&#8221;custom&#8221; style=&#8221;solid&#8221; gap=&#8221;taller&#8221; accent_color=&#8221;#dbdbdb&#8221; el_class=&#8221;m-b-none&#8221;][\/vc_column][\/vc_row][vc_row el_id=&#8221;guc&#8221; el_class=&#8221;m-t-n-md p-t-md&#8221;][vc_column][vc_custom_heading text=&#8221;G\u00fc\u00e7 Da\u011f\u0131t\u0131m Sistemleri&#8221; use_theme_fonts=&#8221;yes&#8221; el_class=&#8221;m-b-md&#8221;][vc_column_text]Mekanik tesisat ile ilgili g\u00fc\u00e7 da\u011f\u0131t\u0131m\u0131, al\u00e7ak gerilim tabanl\u0131 g\u00fc\u00e7 da\u011f\u0131t\u0131m\u0131 firmam\u0131z taraf\u0131ndan yap\u0131lmaktad\u0131r.[\/vc_column_text][vc_gallery type=&#8221;nivo&#8221; interval=&#8221;3&#8243; images=&#8221;287,288&#8243; img_size=&#8221;1140&#215;430&#8243; onclick=&#8221;&#8221; el_class=&#8221;nav-right mb-1&#8243;][vc_separator color=&#8221;custom&#8221; style=&#8221;solid&#8221; gap=&#8221;taller&#8221; accent_color=&#8221;#dbdbdb&#8221; el_class=&#8221;m-b-none&#8221;][\/vc_column][\/vc_row][vc_row el_id=&#8221;koruma&#8221; el_class=&#8221;m-t-n-md p-t-md&#8221;][vc_column][vc_custom_heading text=&#8221;Koruma Sistemleri&#8221; use_theme_fonts=&#8221;yes&#8221; el_class=&#8221;m-b-md&#8221;][vc_column_text]Y\u0131ld\u0131r\u0131mdan koruma, topraklama tesisi, a\u015f\u0131r\u0131 olan ak\u0131mdan koruma i\u015flemi, dolayl\u0131 ger\u00e7ekle\u015fen dokunmaya kar\u015f\u0131 \u00f6nlem alan koruma sistemlerinin hepsi firmam\u0131z taraf\u0131ndan yap\u0131lmaktad\u0131r.[\/vc_column_text][vc_separator color=&#8221;custom&#8221; style=&#8221;solid&#8221; gap=&#8221;taller&#8221; accent_color=&#8221;#dbdbdb&#8221; el_class=&#8221;m-b-none&#8221;][\/vc_column][\/vc_row]<\/p>\n","protected":false},"excerpt":{"rendered":"<p>[vc_row el_id=&#8221;yedek&#8221; el_class=&#8221;m-t-n-md p-t-md&#8221;][vc_column][vc_custom_heading text=&#8221;Yedek G\u00fc\u00e7 Sistemleri&#8221; use_theme_fonts=&#8221;yes&#8221; el_class=&#8221;m-b-md&#8221;][vc_column_text]Merkezi olan ak\u00fcm\u00fclat\u00f6r grubu, dizel olan jenerat\u00f6r grubu ve kesintisiz g\u00fc\u00e7 kayna\u011f\u0131 ile alakal\u0131 olan sistem gruplar\u0131n\u0131 i\u00e7eren tesisatlar\u0131n t\u00fcm\u00fc\u00a0 firmam\u0131z taraf\u0131ndan yap\u0131lmaktad\u0131r.[\/vc_column_text][vc_gallery type=&#8221;nivo&#8221; interval=&#8221;3&#8243; images=&#8221;279&#8243; img_size=&#8221;1140&#215;430&#8243; onclick=&#8221;&#8221; el_class=&#8221;nav-right mb-1&#8243;][vc_separator color=&#8221;custom&#8221; style=&#8221;solid&#8221; gap=&#8221;taller&#8221; accent_color=&#8221;#dbdbdb&#8221; el_class=&#8221;m-b-none&#8221;][\/vc_column][\/vc_row][vc_row el_id=&#8221;aydinlatma&#8221; el_class=&#8221;m-t-n-md p-t-md&#8221;][vc_column][vc_custom_heading text=&#8221;Ayd\u0131nlatma Sistemleri&#8221; use_theme_fonts=&#8221;yes&#8221; el_class=&#8221;m-b-md&#8221;][vc_column_text]Acil durum ayd\u0131nlatmas\u0131, genel ayd\u0131nlatma, \u00e7evre [&hellip;]<\/p>\n","protected":false},"author":1,"featured_media":0,"parent":36,"menu_order":0,"comment_status":"closed","ping_status":"closed","template":"","meta":{"footnotes":""},"class_list":["post-462","page","type-page","status-publish","hentry"],"_links":{"self":[{"href":"https:\/\/yn.com.tr\/index.php\/wp-json\/wp\/v2\/pages\/462","targetHints":{"allow":["GET"]}}],"collection":[{"href":"https:\/\/yn.com.tr\/index.php\/wp-json\/wp\/v2\/pages"}],"about":[{"href":"https:\/\/yn.com.tr\/index.php\/wp-json\/wp\/v2\/types\/page"}],"author":[{"embeddable":true,"href":"https:\/\/yn.com.tr\/index.php\/wp-json\/wp\/v2\/users\/1"}],"replies":[{"embeddable":true,"href":"https:\/\/yn.com.tr\/index.php\/wp-json\/wp\/v2\/comments?post=462"}],"version-history":[{"count":1,"href":"https:\/\/yn.com.tr\/index.php\/wp-json\/wp\/v2\/pages\/462\/revisions"}],"predecessor-version":[{"id":463,"href":"https:\/\/yn.com.tr\/index.php\/wp-json\/wp\/v2\/pages\/462\/revisions\/463"}],"up":[{"embeddable":true,"href":"https:\/\/yn.com.tr\/index.php\/wp-json\/wp\/v2\/pages\/36"}],"wp:attachment":[{"href":"https:\/\/yn.com.tr\/index.php\/wp-json\/wp\/v2\/media?parent=462"}],"curies":[{"name":"wp","href":"https:\/\/api.w.org\/{rel}","templated":true}]}}