{"id":408,"date":"2021-09-07T10:07:06","date_gmt":"2021-09-07T07:07:06","guid":{"rendered":"https:\/\/yn.com.tr\/?page_id=408"},"modified":"2021-09-07T10:34:26","modified_gmt":"2021-09-07T07:34:26","slug":"tasarim-ve-proje","status":"publish","type":"page","link":"https:\/\/yn.com.tr\/index.php\/tasarim-ve-proje\/","title":{"rendered":"Tasar\u0131m ve Proje"},"content":{"rendered":"<p>[vc_row el_id=&#8221;tasarimproje&#8221; el_class=&#8221;m-t-n-md p-t-md&#8221;][vc_column][vc_custom_heading text=&#8221;Tasar\u0131m ve Proje&#8221; use_theme_fonts=&#8221;yes&#8221; el_class=&#8221;m-b-md&#8221;][vc_column_text]Birden fazla alan\u0131n birbiriyle entegresini ve birlikte \u00f6zverili \u00e7al\u0131\u015fmas\u0131n\u0131 gerektiren proje s\u00fcrecini, mimari, statik, elektrik ve mekanik, yang\u0131n, akustik, peyzaj gibi ihtiya\u00e7 olan her alandaki uzmanlar\u0131 bir araya getirerek, ba\u015far\u0131l\u0131 bir disiplinler aras\u0131 \u00e7al\u0131\u015fma sistemi ile y\u00fcr\u00fct\u00fcyoruz.<\/p>\n<p>\u00d6ncelikle i\u015fverenin talepleri ile ihtiya\u00e7 program\u0131n\u0131 olu\u015fturuyor, mevzuata uyum, insan odakl\u0131 ve \u00e7evreye duyarl\u0131 olma ko\u015fullar\u0131n\u0131 dikkate al\u0131yoruz. T\u00fcm bu kriterleri ve tasar\u0131m fikirlerimizi projede birle\u015ftirerek en iyi \u00e7\u00f6z\u00fcmleri ortak ak\u0131l ile ortaya \u00e7\u0131kar\u0131yoruz.<\/p>\n<p>Planlamadan ba\u015flayan, tasar\u0131m ve avan proje, uygulama projesi, in\u015faat ve kontrol a\u015famalar\u0131n\u0131 deneyimli proje y\u00f6neticileri, saha uzmanlar\u0131 ve ofis y\u00f6neticileri ile ger\u00e7ekle\u015ftiriyoruz.<\/p>\n<p>Ba\u015far\u0131l\u0131 \u00fcretimler i\u00e7in do\u011fru tasar\u0131m ile proje haz\u0131rlanmas\u0131n\u0131n \u00f6nemi ile, projelendirmede tak\u0131m \u00e7al\u0131\u015fmas\u0131n\u0131n zenginli\u011fine inan\u0131yor ve s\u00fcreci do\u011fru y\u00f6netiyoruz.<\/p>\n<p>Ticari fonksiyonlu yap\u0131lar, ofisler, oteller, y\u00f6netim binalar\u0131, end\u00fcstriyel yap\u0131lar ile konut yap\u0131lar\u0131na ait mimarl\u0131k, i\u00e7 mimarl\u0131k, mekanik, elektrik, altyap\u0131, peyzaj vb projelerin yap\u0131m\u0131n\u0131, y\u00f6netimini ve uygulamas\u0131n\u0131 \u00fcstlenmekteyiz. M\u00fc\u015fterilerimizin talebine g\u00f6re As Build -Anahtar Teslim bi\u00e7imiyle de hizmet vermekteyiz.<\/p>\n<p>Amac\u0131m\u0131z; ya\u015fam\u0131 ve \u00e7evreye uyumu dikkate alan, y\u00fcksek verimlilikte, i\u015flevsel, estetik, yeni Ana hizmet alanlar\u0131m\u0131z:[\/vc_column_text][vc_separator color=&#8221;custom&#8221; style=&#8221;solid&#8221; gap=&#8221;taller&#8221; accent_color=&#8221;#dbdbdb&#8221; el_class=&#8221;m-b-none&#8221;][\/vc_column][\/vc_row][vc_row el_id=&#8221;mimari&#8221;][vc_column][vc_custom_heading text=&#8221;Mimari Projeler&#8221; use_theme_fonts=&#8221;yes&#8221; el_class=&#8221;m-t-xl&#8221;][vc_row_inner][vc_column_inner][vc_column_text]Firmam\u0131z a\u011f\u0131rl\u0131kl\u0131 olarak m\u00fchendislik projeleri haz\u0131rlamaktaysa da mimari proje yap\u0131 s\u00fcrecinin beyni oldu\u011fu i\u00e7in yap\u0131 s\u00fcrecinin en \u00f6nemli girdisidir. Bizler de m\u00fchendislik projelerimiz ile bu beyni aktif k\u0131lmaya \u00e7al\u0131\u015f\u0131r\u0131z. Birlikte \u00e7al\u0131\u015ft\u0131\u011f\u0131m\u0131z mimari disiplinler ile s\u00fcrece mimari projeden ba\u015flayarak dahil oluruz.<\/p>\n<p>\u0130\u015fveren ihtiya\u00e7lar\u0131na, parselin konumuna, ula\u015f\u0131m, yol, y\u00f6n, topo\u011frafya, altyap\u0131 gibi kriterlere, mevzuata, b\u00f6lgenin genel mimari dokusuna, yerel malzemelere, estetik ve \u00e7evresel etkilere ba\u011fl\u0131 olarak bir\u00e7ok kriter ile i\u015fleve uygun, konforlu, \u00f6zg\u00fcn, konsept proje haz\u0131rland\u0131ktan sonra, mimari proje m\u00fchendislik \u00e7\u00f6z\u00fcmleri ile geli\u015ftirilir.<\/p>\n<p>Mimari proje ile konseptine ve amac\u0131na uygun, i\u015flevselli\u011fi y\u00fcksek, konforlu, b\u00fct\u00e7eye uygun, g\u00f6rselli\u011fi ile cezbeden yeni bir tasar\u0131m hayat bulur.<\/p>\n<p><strong>Firmam\u0131z\u0131n mimar ve uzman m\u00fchendis kadrosu da, teknik \u00e7\u00f6z\u00fcmleri ile mimari projeye hayat veren yap\u0131 s\u00fcrecinin olmazsa olmaz akt\u00f6rleri olarak \u00e7al\u0131\u015fmaktad\u0131r.<\/strong>[\/vc_column_text][\/vc_column_inner][\/vc_row_inner][vc_separator color=&#8221;custom&#8221; style=&#8221;solid&#8221; gap=&#8221;tall&#8221; accent_color=&#8221;#dbdbdb&#8221; el_class=&#8221;m-b-none&#8221;][\/vc_column][\/vc_row][vc_row el_id=&#8221;statik&#8221;][vc_column][vc_row_inner][vc_column_inner animation_delay=&#8221;300&#8243; animation_type=&#8221;fadeInUp&#8221;][vc_custom_heading text=&#8221;Statik Projeler&#8221; use_theme_fonts=&#8221;yes&#8221; el_class=&#8221;m-t-xl&#8221;][vc_column_text]Statik projeler, yap\u0131n\u0131n omurgas\u0131d\u0131r. Betonarme, ah\u015fap veya \u00e7elik gibi farkl\u0131 yap\u0131m tekniklerinden biri; binan\u0131n mimari tasar\u0131m\u0131na, zemin \u00f6zelliklerine, uygulama b\u00fct\u00e7esine, \u00e7evre ko\u015fullar\u0131na veya ba\u015fka teknik zorunluluklara g\u00f6re belirlenir.<\/p>\n<p>Proje s\u00fcrecinde disiplinler aras\u0131 \u00e7al\u0131\u015fmalar yap\u0131larak, yap\u0131n\u0131n mimari, elektrik mekanik vb \u00e7\u00f6z\u00fcmleri ile statik \u00e7\u00f6z\u00fcm entegre edilir.<\/p>\n<p><strong>Uzman in\u015faat m\u00fchendisi ekibimizin statik \u00e7\u00f6z\u00fcmleri ile sa\u011flam ve sa\u011fl\u0131kl\u0131 yap\u0131lar hayat bulur.<\/strong>[\/vc_column_text][\/vc_column_inner][\/vc_row_inner][vc_separator color=&#8221;custom&#8221; style=&#8221;solid&#8221; gap=&#8221;taller&#8221; accent_color=&#8221;#dbdbdb&#8221; el_class=&#8221;m-b-none&#8221;][\/vc_column][\/vc_row][vc_row el_id=&#8221;mekanik&#8221;][vc_column][vc_custom_heading text=&#8221;Mekanik Projeler&#8221; use_theme_fonts=&#8221;yes&#8221; el_class=&#8221;m-t-xl&#8221;][vc_column_text]Mekanik projeler, ya\u015fam\u0131m\u0131za hayat veren damarlar gibidir.<br \/>\nIs\u0131tma, havaland\u0131rma, klima, s\u0131hhi tesisat, yang\u0131n s\u00f6nd\u00fcrme, bas\u0131n\u00e7l\u0131 hava, yal\u0131t\u0131m gibi sistemlerin projelendirmesi teknik gereklilikler ve \u015fartnameler do\u011frultusunda, yenilik\u00e7i ve optimum \u00e7\u00f6z\u00fcmlerle ger\u00e7ekle\u015ftirilir.<\/p>\n<p>Kullan\u0131c\u0131lar\u0131n en uygun ko\u015fullarda ya\u015famas\u0131 i\u00e7in yap\u0131n\u0131n mimarisine uygun ve kullan\u0131m amac\u0131na kar\u015f\u0131l\u0131k gelen teknik ve estetik \u00e7\u00f6z\u00fcmlerle mekanik sistem projeleri haz\u0131rlan\u0131r.<\/p>\n<p><strong>Alan\u0131nda uzman makine m\u00fchendisi ekibimizin \u00e7\u00f6z\u00fcmleri ile sa\u011fl\u0131kl\u0131, konforlu yap\u0131lar hayat bulur.<\/strong>[\/vc_column_text][\/vc_column][\/vc_row][vc_row el_id=&#8221;altyapi&#8221;][vc_column][vc_custom_heading text=&#8221;Altyap\u0131 Projeleri&#8221; use_theme_fonts=&#8221;yes&#8221; el_class=&#8221;m-t-xl&#8221;][vc_column_text]Altyap\u0131 projeleri, binan\u0131n g\u00f6r\u00fcnmeyen, olmazsa olmaz tesisatlar\u0131n\u0131 bi\u00e7imlendirir ve yap\u0131n\u0131n sa\u011fl\u0131kl\u0131 bir \u015fekilde hayata ge\u00e7mesini sa\u011flar.<\/p>\n<p>\u0130\u00e7me suyu, at\u0131k su, ya\u011fmur suyu, sulama, ar\u0131tma, kanalizasyon gibi etkenlerin hepsi altyap\u0131 projelerinin bir konusudur.<\/p>\n<p><strong>Firmam\u0131z entegre tesisler ba\u015fta olmak \u00fczere \u00f6zellikli yap\u0131lar\u0131n altyap\u0131 sistemlerinin \u00e7\u00f6z\u00fcmlenmesinde uzman ekipleriyle proje hizmeti vermektedir.<\/strong>[\/vc_column_text][\/vc_column][\/vc_row][vc_row el_id=&#8221;elektrik&#8221;][vc_column][vc_custom_heading text=&#8221;Elektrik Projeleri&#8221; use_theme_fonts=&#8221;yes&#8221; el_class=&#8221;m-t-xl&#8221;][vc_column_text]Elektrik projeleri yap\u0131n\u0131n parlayan y\u00fcz\u00fc, yap\u0131 organlar\u0131n\u0131 ba\u011flayan teknik bir a\u011f gibidir.<\/p>\n<p>Yap\u0131n\u0131n mimarisine uygun ve kullan\u0131m amac\u0131na kar\u015f\u0131l\u0131k gelen teknik ve estetik \u00e7\u00f6z\u00fcmlerle elektrik sistemi projeleri haz\u0131rlan\u0131r.<\/p>\n<p>Ayd\u0131nlatma, kuvvetli ak\u0131m, telefon, data, yang\u0131n alg\u0131lama, topraklama, seslendirme, tv, kamera, otomasyon gibi sistemlerin projelendirmesi teknik gereklilikler ve \u015fartnameler do\u011frultusunda, yenilik\u00e7i ve optimum \u00e7\u00f6z\u00fcmlerle ger\u00e7ekle\u015ftirilir.<\/p>\n<p><strong>Alan\u0131nda uzman elektrik m\u00fchendisi ekibimizin \u00e7\u00f6z\u00fcmleri ile \u00e7evre dostu, teknolojiden optimum faydalanan, konforlu yap\u0131lar hayat bulur.<\/strong>[\/vc_column_text][\/vc_column][\/vc_row][vc_row el_id=&#8221;restorasyon&#8221;][vc_column][vc_custom_heading text=&#8221;Restorasyon ve G\u00fc\u00e7lendirme Projeleri&#8221; use_theme_fonts=&#8221;yes&#8221; el_class=&#8221;m-t-xl&#8221;][vc_column_text]Zaman i\u00e7inde yap\u0131lar\u0131n eskiyen, zarar g\u00f6ren b\u00f6l\u00fcmleri bu projeler ile onar\u0131labilir.<\/p>\n<p>Tarihi doku i\u00e7indeki yap\u0131lar koruma alt\u0131ndad\u0131r ve bu yap\u0131lar\u0131 y\u0131kmadan kurtarmak tarihin s\u00fcrd\u00fcr\u00fclebilirli\u011fi a\u00e7\u0131s\u0131ndan \u00f6nem ta\u015f\u0131r.<\/p>\n<p>Y\u0131k\u0131m\u0131 ve yeniden yap\u0131m\u0131 m\u00fcmk\u00fcn olmayan yap\u0131lar\u0131n da sa\u011fl\u0131kl\u0131 k\u0131l\u0131nmas\u0131 m\u00fcmk\u00fcnd\u00fcr. Bunun i\u00e7in\u00a0zarar g\u00f6ren k\u0131s\u0131mlar\u0131n\u0131 g\u00fc\u00e7lendirmeye ve yenilemeye y\u00f6nelik projeler haz\u0131rlan\u0131r.<\/p>\n<p><strong>Firmam\u0131z restorasyon ve g\u00fc\u00e7lendirme projeleri ile uygulama s\u00fcrecinde hizmet vermektedir.<\/strong>[\/vc_column_text][\/vc_column][\/vc_row]<\/p>\n","protected":false},"excerpt":{"rendered":"<p>[vc_row el_id=&#8221;tasarimproje&#8221; el_class=&#8221;m-t-n-md p-t-md&#8221;][vc_column][vc_custom_heading text=&#8221;Tasar\u0131m ve Proje&#8221; use_theme_fonts=&#8221;yes&#8221; el_class=&#8221;m-b-md&#8221;][vc_column_text]Birden fazla alan\u0131n birbiriyle entegresini ve birlikte \u00f6zverili \u00e7al\u0131\u015fmas\u0131n\u0131 gerektiren proje s\u00fcrecini, mimari, statik, elektrik ve mekanik, yang\u0131n, akustik, peyzaj gibi ihtiya\u00e7 olan her alandaki uzmanlar\u0131 bir araya getirerek, ba\u015far\u0131l\u0131 bir disiplinler aras\u0131 \u00e7al\u0131\u015fma sistemi ile y\u00fcr\u00fct\u00fcyoruz. \u00d6ncelikle i\u015fverenin talepleri ile ihtiya\u00e7 program\u0131n\u0131 olu\u015fturuyor, mevzuata uyum, insan [&hellip;]<\/p>\n","protected":false},"author":1,"featured_media":0,"parent":0,"menu_order":0,"comment_status":"closed","ping_status":"closed","template":"","meta":{"footnotes":""},"class_list":["post-408","page","type-page","status-publish","hentry"],"_links":{"self":[{"href":"https:\/\/yn.com.tr\/index.php\/wp-json\/wp\/v2\/pages\/408","targetHints":{"allow":["GET"]}}],"collection":[{"href":"https:\/\/yn.com.tr\/index.php\/wp-json\/wp\/v2\/pages"}],"about":[{"href":"https:\/\/yn.com.tr\/index.php\/wp-json\/wp\/v2\/types\/page"}],"author":[{"embeddable":true,"href":"https:\/\/yn.com.tr\/index.php\/wp-json\/wp\/v2\/users\/1"}],"replies":[{"embeddable":true,"href":"https:\/\/yn.com.tr\/index.php\/wp-json\/wp\/v2\/comments?post=408"}],"version-history":[{"count":2,"href":"https:\/\/yn.com.tr\/index.php\/wp-json\/wp\/v2\/pages\/408\/revisions"}],"predecessor-version":[{"id":418,"href":"https:\/\/yn.com.tr\/index.php\/wp-json\/wp\/v2\/pages\/408\/revisions\/418"}],"wp:attachment":[{"href":"https:\/\/yn.com.tr\/index.php\/wp-json\/wp\/v2\/media?parent=408"}],"curies":[{"name":"wp","href":"https:\/\/api.w.org\/{rel}","templated":true}]}}