{"id":143,"date":"2016-07-15T08:32:51","date_gmt":"2016-07-15T08:32:51","guid":{"rendered":"http:\/\/sw-themes.com\/porto_dummy\/?page_id=143"},"modified":"2021-09-24T11:10:13","modified_gmt":"2021-09-24T08:10:13","slug":"home","status":"publish","type":"page","link":"https:\/\/yn.com.tr\/","title":{"rendered":"Anasayfa"},"content":{"rendered":"<p>[vc_row wrap_container=&#8221;yes&#8221; el_class=&#8221;p-t-xxl p-b-xxl&#8221;][vc_column offset=&#8221;vc_col-md-4&#8243;][vc_custom_heading text=&#8221;YN PROJE YAPI A.\u015e.&#8221; use_theme_fonts=&#8221;yes&#8221; el_class=&#8221;m-t-md m-b-none&#8221;][vc_column_text el_class=&#8221;lead m-b-none&#8221;]B\u0130Z K\u0130M\u0130Z?[\/vc_column_text][\/vc_column][vc_column width=&#8221;1\/6&#8243; offset=&#8221;vc_hidden-sm vc_hidden-xs&#8221;][vc_single_image source=&#8221;external_link&#8221; custom_src=&#8221;\/\/sw-themes.com\/porto_dummy\/wp-content\/uploads\/images\/dotted-line-angle.png&#8221; el_class=&#8221;m-t-n-xs m-b-none&#8221;][\/vc_column][vc_column offset=&#8221;vc_col-md-6&#8243;][vc_column_text el_class=&#8221;m-t-md m-b-none&#8221;]<\/p>\n<div class=\"wpb_text_column wpb_content_element \">\n<div class=\"wpb_wrapper\">\n<p><strong>YN PROJE YAPI A\u015e.<\/strong>, uzman ekibi ve pratik \u00e7\u00f6z\u00fcmleri ile hizmet kalitesini her ge\u00e7en g\u00fcn artt\u0131rarak sekt\u00f6r\u00fcndeki rekabette kendini ve m\u00fc\u015fterilerini en \u00f6ne ta\u015f\u0131maktad\u0131r. \u00dcr\u00fcn ve hizmet kalitesini kurulu\u015fundan bu yana temel ilke olarak belirlemi\u015f ve bu y\u00f6nde ilerlemektedir. M\u00fc\u015fterilerinin ihtiya\u00e7lar\u0131n\u0131 k\u0131sa s\u00fcrede gidermektedir. K\u0131sa s\u00fcrede beklentilerinizi kar\u015f\u0131lama g\u00fcc\u00fcne sahip olan firmam\u0131z m\u00fc\u015fteri istekleri do\u011frultusunda g\u00fcvenilir ve kaliteli hizmetler vermektedir.<\/p>\n<\/div>\n<\/div>\n<p><a href=\"http:\/\/yn.com.tr\/index.php\/kurumsal\/\">Devam\u0131 \u00bb<\/a>[\/vc_column_text][\/vc_column][\/vc_row][vc_row wrap_container=&#8221;yes&#8221; remove_margin_top=&#8221;yes&#8221; remove_margin_bottom=&#8221;yes&#8221; remove_border=&#8221;yes&#8221; css=&#8221;.vc_custom_1632468176377{background-color: #383e40 !important;}&#8221;][vc_column][vc_custom_heading text=&#8221;Hizmetlerimiz&#8221; font_container=&#8221;tag:h2|text_align:left|color:%23e04622&#8243; use_theme_fonts=&#8221;yes&#8221; el_class=&#8221;m-t-md m-b-none&#8221;][vc_column_text el_class=&#8221;lead m-b-xl&#8221;]Anahtar teslim proje ve uygulama[\/vc_column_text][vc_row_inner][vc_column_inner width=&#8221;1\/12&#8243; animation_type=&#8221;fadeInUp&#8221;]<div class=\"porto-sicon-box  wpb_custom_1efe903570d178ff0a9b7bfa5febd3a4 style_1 left-icon\"><div class=\"porto-sicon-left\"><div class=\"porto-just-icon-wrapper porto-icon none\" style=\"color:#e04622;font-size:50px;\"><i class=\"fas fa-project-diagram\"><\/i><\/div><\/div><div class=\"porto-sicon-body\"><\/div><\/div><!-- porto-sicon-box -->[\/vc_column_inner][vc_column_inner width=&#8221;11\/12&#8243;]<div class=\"porto-sicon-box  wpb_custom_1efe903570d178ff0a9b7bfa5febd3a4 style_1 default-icon flex-wrap\"><div class=\"porto-sicon-header\"><h3 class=\"porto-sicon-title\" style=\"font-size:20px;color:#e04622;\">Tasar\u0131m ve Proje<\/h3><\/div> <!-- header --><div class=\"porto-sicon-description\" style=\"\">Birden fazla alan\u0131n birbiriyle entegresini ve birlikte \u00f6zverili \u00e7al\u0131\u015fmas\u0131n\u0131 gerektiren proje s\u00fcrecini, mimari, statik, elektrik ve mekanik, yang\u0131n, akustik, peyzaj gibi ihtiya\u00e7 olan her alandaki uzmanlar\u0131 bir araya getirerek, ba\u015far\u0131l\u0131 bir disiplinler aras\u0131 \u00e7al\u0131\u015fma sistemi ile y\u00fcr\u00fct\u00fcyoruz&#8230;<a class=\"porto-sicon-read xx\" href=\"https:\/\/yn.com.tr\/index.php\/tasarim-ve-proje\/\" title='Tasar\u0131m ve Proje'>Devam\u0131<span>&nbsp;&raquo;<\/span><\/a><\/div> <!-- description --><\/div><!-- porto-sicon-box -->[\/vc_column_inner][\/vc_row_inner][vc_row_inner][vc_column_inner width=&#8221;1\/12&#8243; animation_delay=&#8221;300&#8243; animation_type=&#8221;fadeInUp&#8221;]<div class=\"porto-sicon-box  wpb_custom_1efe903570d178ff0a9b7bfa5febd3a4 style_1 default-icon\"><div class=\"porto-sicon-default\"><div class=\"porto-just-icon-wrapper porto-icon none\" style=\"color:#e04622;font-size:50px;\"><i class=\"far fa-building\"><\/i><\/div><\/div><\/div><!-- porto-sicon-box -->[\/vc_column_inner][vc_column_inner width=&#8221;11\/12&#8243;]<div class=\"porto-sicon-box  wpb_custom_1efe903570d178ff0a9b7bfa5febd3a4 style_1 default-icon flex-wrap\"><div class=\"porto-sicon-header\"><h3 class=\"porto-sicon-title\" style=\"font-size:20px;color:#e04622;\">Proje ve \u0130n\u015faat Y\u00f6netimi<\/h3><\/div> <!-- header --><div class=\"porto-sicon-description\" style=\"\">Proje y\u00f6netimi; belirli bir projenin hedef ve ama\u00e7lar\u0131na uygun olarak, planlanan zamanda bitirilmesi i\u00e7in uygun tekniklerin ve kaynaklar\u0131n planlanmas\u0131, organize edilmesi, bilginin payla\u015f\u0131lmas\u0131, b\u00fct\u00e7enin do\u011fru kullan\u0131lmas\u0131, proje ve imalat\u0131n kontrol\u00fc ve s\u00fcrecin y\u00f6netilmesidir&#8230;<a class=\"porto-sicon-read xx\" href=\"https:\/\/yn.com.tr\/index.php\/proje-ve-insaat-yonetimi\/\" title='Tasar\u0131m ve Proje'>Devam\u0131<span>&nbsp;&raquo;<\/span><\/a><\/div> <!-- description --><\/div><!-- porto-sicon-box -->[\/vc_column_inner][\/vc_row_inner][vc_row_inner][vc_column_inner width=&#8221;1\/12&#8243; animation_type=&#8221;fadeInUp&#8221;]<div class=\"porto-sicon-box  wpb_custom_1efe903570d178ff0a9b7bfa5febd3a4 style_1 left-icon\"><div class=\"porto-sicon-left\"><div class=\"porto-just-icon-wrapper porto-icon none\" style=\"color:#e04622;font-size:50px;\"><i class=\"fas fa-cog\"><\/i><\/div><\/div><div class=\"porto-sicon-body\"><\/div><\/div><!-- porto-sicon-box -->[\/vc_column_inner][vc_column_inner width=&#8221;11\/12&#8243;]<div class=\"porto-sicon-box  wpb_custom_1efe903570d178ff0a9b7bfa5febd3a4 style_1 left-icon\"><div class=\"porto-sicon-body\"><div class=\"porto-sicon-header\"><h3 class=\"porto-sicon-title\" style=\"font-size:20px;color:#e04622;\">Mekanik<\/h3><\/div> <!-- header --><div class=\"porto-sicon-description\" style=\"\">Is\u0131tma-so\u011futma sistemleri, Havaland\u0131rma Sistemleri, Yang\u0131n Sistemleri, S\u0131hhi Tesisat, End\u00fcstriyel Tesisat&#8230;<a class=\"porto-sicon-read xx\" href=\"https:\/\/yn.com.tr\/index.php\/hizmetlerimiz\/mekanik\/\" title='Mekanik'>Devam\u0131<span>&nbsp;&raquo;<\/span><\/a><\/div> <!-- description --><\/div><\/div><!-- porto-sicon-box -->[\/vc_column_inner][\/vc_row_inner][vc_row_inner][vc_column_inner width=&#8221;1\/12&#8243;]<div class=\"porto-sicon-box  wpb_custom_1efe903570d178ff0a9b7bfa5febd3a4 style_1 left-icon\"><div class=\"porto-sicon-left\"><div class=\"porto-just-icon-wrapper porto-icon none\" style=\"color:#e04622;font-size:50px;\"><i class=\"far fa-lightbulb\"><\/i><\/div><\/div><div class=\"porto-sicon-body\"><\/div><\/div><!-- porto-sicon-box -->[\/vc_column_inner][vc_column_inner width=&#8221;11\/12&#8243; animation_type=&#8221;fadeInUp&#8221;]<div class=\"porto-sicon-box  wpb_custom_1efe903570d178ff0a9b7bfa5febd3a4 style_1 left-icon\"><div class=\"porto-sicon-body\"><div class=\"porto-sicon-header\"><h3 class=\"porto-sicon-title\" style=\"font-size:20px;color:#e04622;\">Elektrik<\/h3><\/div> <!-- header --><div class=\"porto-sicon-description\" style=\"\">Yedek G\u00fc\u00e7 Sistemleri, Ayd\u0131nlatma Sistemleri, G\u00fc\u00e7 Da\u011f\u0131t\u0131m Tesisat\u0131, Koruma Sistemleri&#8230;<a class=\"porto-sicon-read xx\" href=\"https:\/\/yn.com.tr\/index.php\/hizmetlerimiz\/elektrik\/\" title='Elektrik'>Devam\u0131<span>&nbsp;&raquo;<\/span><\/a><\/div> <!-- description --><\/div><\/div><!-- porto-sicon-box -->[\/vc_column_inner][\/vc_row_inner][\/vc_column][\/vc_row][vc_row disable_element=&#8221;yes&#8221; wrap_container=&#8221;yes&#8221; is_section=&#8221;yes&#8221; section_skin=&#8221;parallax&#8221; remove_margin_top=&#8221;yes&#8221; remove_margin_bottom=&#8221;yes&#8221; remove_border=&#8221;yes&#8221; el_class=&#8221;home-concept-construction&#8221; css=&#8221;.vc_custom_1629083459373{background-image: url(\/\/sw-themes.com\/porto_dummy\/wp-content\/uploads\/2016\/07\/home-concept-small.png?id=112) !important;}&#8221;][vc_column][vc_custom_heading text=&#8221;Projects&#8221; use_theme_fonts=&#8221;yes&#8221; el_class=&#8221;m-t-md m-b-none&#8221;][vc_column_text el_class=&#8221;lead m-b-xl&#8221;]Lorem ipsum dolor sit amet.[\/vc_column_text]<div class=\"lightbox\" data-plugin-options=\"{&quot;delegate&quot;:&quot;.diamond&quot;,&quot;type&quot;:&quot;image&quot;,&quot;gallery&quot;:{&quot;enabled&quot;:true}}\"><ul class=\"porto-diamonds\">\t<li>\n\t\t<a href=\"\/\/sw-themes.com\/porto_dummy\/wp-content\/uploads\/images\/construction-gallery-1.jpg\" class=\"diamond\" title=\"\">\n\t\t\t<div class=\"content\">\n\t\t\t\t<img decoding=\"async\" src=\"\/\/sw-themes.com\/porto_dummy\/wp-content\/uploads\/images\/construction-gallery-1.jpg\" alt=\"\" class=\"img-responsive\">\n\t\t\t<\/div>\n\t\t<\/a>\n\t<\/li>\n\t<li>\n\t\t<a href=\"\/\/sw-themes.com\/porto_dummy\/wp-content\/uploads\/images\/construction-gallery-2.jpg\" class=\"diamond\" title=\"\">\n\t\t\t<div class=\"content\">\n\t\t\t\t<img decoding=\"async\" src=\"\/\/sw-themes.com\/porto_dummy\/wp-content\/uploads\/images\/construction-gallery-2.jpg\" alt=\"\" class=\"img-responsive\">\n\t\t\t<\/div>\n\t\t<\/a>\n\t<\/li>\n\t<li>\n\t\t<a href=\"\/\/sw-themes.com\/porto_dummy\/wp-content\/uploads\/images\/construction-gallery-3.jpg\" class=\"diamond\" title=\"\">\n\t\t\t<div class=\"content\">\n\t\t\t\t<img decoding=\"async\" src=\"\/\/sw-themes.com\/porto_dummy\/wp-content\/uploads\/images\/construction-gallery-3.jpg\" alt=\"\" class=\"img-responsive\">\n\t\t\t<\/div>\n\t\t<\/a>\n\t<\/li>\n\t<li>\n\t\t<a href=\"\/\/sw-themes.com\/porto_dummy\/wp-content\/uploads\/images\/construction-gallery-4.jpg\" class=\"diamond diamond-sm\" title=\"\">\n\t\t\t<div class=\"content\">\n\t\t\t\t<img decoding=\"async\" src=\"\/\/sw-themes.com\/porto_dummy\/wp-content\/uploads\/images\/construction-gallery-4.jpg\" alt=\"\" class=\"img-responsive\">\n\t\t\t<\/div>\n\t\t<\/a>\n\t<\/li>\n\t<li>\n\t\t<a href=\"\/\/sw-themes.com\/porto_dummy\/wp-content\/uploads\/images\/construction-gallery-5.jpg\" class=\"diamond\" title=\"\">\n\t\t\t<div class=\"content\">\n\t\t\t\t<img decoding=\"async\" src=\"\/\/sw-themes.com\/porto_dummy\/wp-content\/uploads\/images\/construction-gallery-5.jpg\" alt=\"\" class=\"img-responsive\">\n\t\t\t<\/div>\n\t\t<\/a>\n\t<\/li>\n\t<li>\n\t\t<a href=\"\/\/sw-themes.com\/porto_dummy\/wp-content\/uploads\/images\/construction-gallery-6.jpg\" class=\"diamond diamond-sm\" title=\"\">\n\t\t\t<div class=\"content\">\n\t\t\t\t<img decoding=\"async\" src=\"\/\/sw-themes.com\/porto_dummy\/wp-content\/uploads\/images\/construction-gallery-6.jpg\" alt=\"\" class=\"img-responsive\">\n\t\t\t<\/div>\n\t\t<\/a>\n\t<\/li>\n\t<li>\n\t\t<a href=\"\/\/sw-themes.com\/porto_dummy\/wp-content\/uploads\/images\/construction-gallery-7.jpg\" class=\"diamond diamond-sm\" title=\"\">\n\t\t\t<div class=\"content\">\n\t\t\t\t<img decoding=\"async\" src=\"\/\/sw-themes.com\/porto_dummy\/wp-content\/uploads\/images\/construction-gallery-7.jpg\" alt=\"\" class=\"img-responsive\">\n\t\t\t<\/div>\n\t\t<\/a>\n\t<\/li>\n<\/ul><\/div>[vc_row_inner][vc_column_inner el_class=&#8221;row-diamons-description&#8221; width=&#8221;1\/2&#8243;][vc_column_text el_class=&#8221;m-b-md&#8221;]Lorem ipsum dolor sit amet, consectetur adipiscing metus elit. Quisque rutrum pellentesque imperdiet. Lorem ipsum dolor sit amet, consectetur adipiscing metus elit. Quisque rutrum pellentesque imperdiet.[\/vc_column_text][vc_btn title=&#8221;View All Projects&#8221; style=&#8221;outline&#8221; shape=&#8221;square&#8221; skin=&#8221;primary&#8221; link=&#8221;url:https%3A%2F%2Fwww.portotheme.com%2Fwordpress%2Fporto%2Fconstruction%2Fproject%2F|||&#8221;][\/vc_column_inner][\/vc_row_inner][\/vc_column][\/vc_row][vc_row parallax=&#8221;content-moving&#8221; parallax_image=&#8221;74&#8243; parallax_speed_bg=&#8221;1&#8243; disable_element=&#8221;yes&#8221; wrap_container=&#8221;yes&#8221; is_section=&#8221;yes&#8221; section_skin=&#8221;parallax&#8221; remove_margin_top=&#8221;yes&#8221; remove_margin_bottom=&#8221;yes&#8221; remove_border=&#8221;yes&#8221;][vc_column width=&#8221;1\/2&#8243;][\/vc_column][vc_column offset=&#8221;vc_col-md-6&#8243;]<div class=\"porto-carousel owl-carousel has-ccols ccols-1 m-t-xlg m-b-xlg\" data-plugin-options=\"{&quot;stagePadding&quot;:0,&quot;margin&quot;:0,&quot;autoplay&quot;:false,&quot;autoplayTimeout&quot;:5000,&quot;autoplayHoverPause&quot;:false,&quot;items&quot;:1,&quot;lg&quot;:1,&quot;md&quot;:1,&quot;sm&quot;:1,&quot;xs&quot;:1,&quot;nav&quot;:false,&quot;dots&quot;:&quot;yes&quot;,&quot;animateIn&quot;:&quot;&quot;,&quot;animateOut&quot;:&quot;&quot;,&quot;loop&quot;:false,&quot;center&quot;:false,&quot;video&quot;:false,&quot;lazyLoad&quot;:false,&quot;fullscreen&quot;:false}\"><div class=\"porto-testimonial wpb_content_element \"><div class=\"testimonial testimonial-style-2 testimonial-with-quotes\"><blockquote class=\"testimonial-carousel\"><p>Lorem ipsum dolor sit amet, consectetur adipiscing elit. Sed eget risus porta, tincidunt turpis at, interdum tortor. Suspendisse potenti. Lorem ipsum dolor sit amet, consectetur adipiscing elit. Sociis natoque penatibus et magnis dis parturient montes, nascetur ridiculus mus. Fusce ante tellus, convallis non consectetur sed, pharetra nec ex.<\/p><\/blockquote><div class=\"testimonial-author\"><p><strong>Ana Smith<\/strong><span>Porto Magazine<\/span><\/p><\/div><\/div><\/div><div class=\"porto-testimonial wpb_content_element \"><div class=\"testimonial testimonial-style-2 testimonial-with-quotes\"><blockquote class=\"testimonial-carousel\"><p>Lorem ipsum dolor sit amet, consectetur adipiscing elit. Sed eget risus porta, tincidunt turpis at, interdum tortor. Suspendisse potenti. Lorem ipsum dolor sit amet, consectetur adipiscing elit.<\/p><\/blockquote><div class=\"testimonial-author\"><p><strong>Jessica Smith<\/strong><span>Porto Magazine<\/span><\/p><\/div><\/div><\/div><\/div>[\/vc_column][\/vc_row][vc_row disable_element=&#8221;yes&#8221; wrap_container=&#8221;yes&#8221; el_class=&#8221;section-custom-construction-2&#8243;][vc_column]<div class=\"porto-carousel owl-carousel has-ccols ccols-xl-6 ccols-lg-4 ccols-md-3 ccols-sm-2 ccols-1 m-t-xl m-b-xl stage-margin rounded-nav\" data-plugin-options=\"{&quot;stagePadding&quot;:40,&quot;margin&quot;:10,&quot;autoplay&quot;:false,&quot;autoplayTimeout&quot;:5000,&quot;autoplayHoverPause&quot;:false,&quot;items&quot;:6,&quot;lg&quot;:4,&quot;md&quot;:3,&quot;sm&quot;:2,&quot;xs&quot;:1,&quot;nav&quot;:&quot;yes&quot;,&quot;dots&quot;:false,&quot;animateIn&quot;:&quot;&quot;,&quot;animateOut&quot;:&quot;&quot;,&quot;loop&quot;:false,&quot;center&quot;:false,&quot;video&quot;:false,&quot;lazyLoad&quot;:false,&quot;fullscreen&quot;:false}\">[vc_single_image source=&#8221;external_link&#8221; alignment=&#8221;center&#8221; onclick=&#8221;custom_link&#8221; custom_src=&#8221;\/\/sw-themes.com\/porto_dummy\/wp-content\/uploads\/images\/logo-1.png&#8221; link=&#8221;#&#8221;][vc_single_image source=&#8221;external_link&#8221; alignment=&#8221;center&#8221; onclick=&#8221;custom_link&#8221; custom_src=&#8221;\/\/sw-themes.com\/porto_dummy\/wp-content\/uploads\/images\/logo-2.png&#8221; link=&#8221;#&#8221;][vc_single_image source=&#8221;external_link&#8221; alignment=&#8221;center&#8221; onclick=&#8221;custom_link&#8221; custom_src=&#8221;\/\/sw-themes.com\/porto_dummy\/wp-content\/uploads\/images\/logo-3.png&#8221; link=&#8221;#&#8221;][vc_single_image source=&#8221;external_link&#8221; alignment=&#8221;center&#8221; onclick=&#8221;custom_link&#8221; custom_src=&#8221;\/\/sw-themes.com\/porto_dummy\/wp-content\/uploads\/images\/logo-4.png&#8221; link=&#8221;#&#8221;][vc_single_image source=&#8221;external_link&#8221; alignment=&#8221;center&#8221; onclick=&#8221;custom_link&#8221; custom_src=&#8221;\/\/sw-themes.com\/porto_dummy\/wp-content\/uploads\/images\/logo-5.png&#8221; link=&#8221;#&#8221;][vc_single_image source=&#8221;external_link&#8221; alignment=&#8221;center&#8221; onclick=&#8221;custom_link&#8221; custom_src=&#8221;\/\/sw-themes.com\/porto_dummy\/wp-content\/uploads\/images\/logo-6.png&#8221; link=&#8221;#&#8221;][vc_single_image source=&#8221;external_link&#8221; alignment=&#8221;center&#8221; onclick=&#8221;custom_link&#8221; custom_src=&#8221;\/\/sw-themes.com\/porto_dummy\/wp-content\/uploads\/images\/logo-1.png&#8221; link=&#8221;#&#8221;][vc_single_image source=&#8221;external_link&#8221; alignment=&#8221;center&#8221; onclick=&#8221;custom_link&#8221; lick=&#8221;custom_link&#8221; custom_src=&#8221;\/\/sw-themes.com\/porto_dummy\/wp-content\/uploads\/images\/logo-2.png&#8221; link=&#8221;#&#8221;][vc_single_image source=&#8221;external_link&#8221; alignment=&#8221;center&#8221; onclick=&#8221;custom_link&#8221; custom_src=&#8221;\/\/sw-themes.com\/porto_dummy\/wp-content\/uploads\/images\/logo-3.png&#8221; link=&#8221;#&#8221;][vc_single_image source=&#8221;external_link&#8221; alignment=&#8221;center&#8221; onclick=&#8221;custom_link&#8221; custom_src=&#8221;\/\/sw-themes.com\/porto_dummy\/wp-content\/uploads\/images\/logo-4.png&#8221; link=&#8221;#&#8221;][vc_single_image source=&#8221;external_link&#8221; alignment=&#8221;center&#8221; onclick=&#8221;custom_link&#8221; custom_src=&#8221;\/\/sw-themes.com\/porto_dummy\/wp-content\/uploads\/images\/logo-5.png&#8221; link=&#8221;#&#8221;][vc_single_image source=&#8221;external_link&#8221; alignment=&#8221;center&#8221; onclick=&#8221;custom_link&#8221; custom_src=&#8221;\/\/sw-themes.com\/porto_dummy\/wp-content\/uploads\/images\/logo-6.png&#8221; link=&#8221;#&#8221;]<\/div>[vc_separator color=&#8221;custom&#8221; style=&#8221;solid&#8221;][vc_custom_heading text=&#8221;Blog&#8221; use_theme_fonts=&#8221;yes&#8221; el_class=&#8221;m-t-xl m-b-none&#8221;][vc_column_text el_class=&#8221;lead&#8221;]Lorem ipsum dolor sit amet.[\/vc_column_text]<div class=\"porto-recent-posts wpb_content_element  m-b-none\">\t<div class=\"row\">\n\t\t<div class=\"post-carousel porto-carousel owl-carousel\" data-plugin-options=\"{&quot;themeConfig&quot;:true,&quot;lg&quot;:3,&quot;md&quot;:3,&quot;sm&quot;:2}\">\n\t\t\t<div class=\"post-slide\"><div class=\"post-item post-title-simple\">\n\t\t<div class=\"post-date\">\n\t\t<span class=\"day\">10<\/span><span class=\"month\">A\u011fu<\/span><time datetime=\"2021-08-10\">10 A\u011fustos 2021<\/time>\t<\/div>\n\t\t\t<h4 class=\"title-short\"><a href=\"https:\/\/yn.com.tr\/index.php\/2021\/08\/10\/merhaba-dunya\/\">\n\t\tMerhaba d\u00fcnya!\t<\/a><\/h4>\n\t<p class=\"author-name\">Taraf\u0131ndan\t\t<a href=\"https:\/\/yn.com.tr\/index.php\/author\/admin\/\" title=\"admin taraf\u0131ndan yaz\u0131lan yaz\u0131lar\" rel=\"author\">admin<\/a>\t<\/p>\n\t\t<div><p class=\"post-excerpt\">\nWordPress&#8217;e ho\u015f geldiniz. Bu sizin ilk yaz\u0131n\u0131z. Bu yaz\u0131y\u0131 d\u00fczenleyin ya da silin. Sonra yazmaya ba\u015flay\u0131n!\n <a class=\"read-more\" href=\"https:\/\/yn.com.tr\/index.php\/2021\/08\/10\/merhaba-dunya\/\">daha fazla oku <i class=\"fas fa-angle-right\"><\/i><\/a><\/p><\/div> <\/div>\n<\/div><div class=\"post-slide\"><div class=\"post-item post-title-simple\">\n\t\t<a href=\"https:\/\/yn.com.tr\/index.php\/2016\/07\/23\/lorem-ipsum-dolor-sit-amet-6\/\"> <span class=\"post-image thumb-info thumb-info-hide-wrapper-bg m-b-md\"> <span class=\"thumb-info-wrapper\"> <img loading=\"lazy\" decoding=\"async\" class=\"img-responsive\" width=\"450\" height=\"231\" src=\"https:\/\/yn.com.tr\/wp-content\/uploads\/2016\/07\/blog-construction-1-450x231.jpg\" alt=\"\" \/>\n\t\t\t<span class=\"zoom\" data-src=\"https:\/\/yn.com.tr\/wp-content\/uploads\/2016\/07\/blog-construction-1.jpg\" data-title=\"\"><i class=\"fas fa-search\"><\/i><\/span>\n\t\t<\/span> <\/span> <\/a>\n\t\t\t<div class=\"post-date\">\n\t\t<span class=\"day\">23<\/span><span class=\"month\">Tem<\/span><time datetime=\"2016-07-23\">23 Temmuz 2016<\/time>\t<\/div>\n\t\t\t<h4 class=\"title-short\"><a href=\"https:\/\/yn.com.tr\/index.php\/2016\/07\/23\/lorem-ipsum-dolor-sit-amet-6\/\">\n\t\tLorem ipsum dolor sit amet\t<\/a><\/h4>\n\t<p class=\"author-name\">Taraf\u0131ndan\t\t<a href=\"https:\/\/yn.com.tr\/index.php\/author\/admin\/\" title=\"admin taraf\u0131ndan yaz\u0131lan yaz\u0131lar\" rel=\"author\">admin<\/a>\t<\/p>\n\t\t<div><p class=\"post-excerpt\">[vc_row][vc_column][vc_single_image source=\"featured_image\" img_size=\"360x170\" alignment=\"center\" el_class=\"pull-right m-b m-b-xs m-l-lg\" label=\"\"][vc_column_text el_class=\"lead\"]Lorem ipsum dolor sit amet, gravida nibh vel velit auctor...  <a class=\"read-more\" href=\"https:\/\/yn.com.tr\/index.php\/2016\/07\/23\/lorem-ipsum-dolor-sit-amet-6\/\">daha fazla oku <i class=\"fas fa-angle-right\"><\/i><\/a><\/p><\/div> <\/div>\n<\/div><div class=\"post-slide\"><div class=\"post-item post-title-simple\">\n\t\t<a href=\"https:\/\/yn.com.tr\/index.php\/2016\/07\/23\/lorem-ipsum-dolor-sit-amet-5\/\"> <span class=\"post-image thumb-info thumb-info-hide-wrapper-bg m-b-md\"> <span class=\"thumb-info-wrapper\"> <img loading=\"lazy\" decoding=\"async\" class=\"img-responsive\" width=\"450\" height=\"231\" src=\"https:\/\/yn.com.tr\/wp-content\/uploads\/2016\/07\/blog-construction-2-450x231.jpg\" alt=\"\" \/>\n\t\t\t<span class=\"zoom\" data-src=\"https:\/\/yn.com.tr\/wp-content\/uploads\/2016\/07\/blog-construction-2.jpg\" data-title=\"\"><i class=\"fas fa-search\"><\/i><\/span>\n\t\t<\/span> <\/span> <\/a>\n\t\t\t<div class=\"post-date\">\n\t\t<span class=\"day\">23<\/span><span class=\"month\">Tem<\/span><time datetime=\"2016-07-23\">23 Temmuz 2016<\/time>\t<\/div>\n\t\t\t<h4 class=\"title-short\"><a href=\"https:\/\/yn.com.tr\/index.php\/2016\/07\/23\/lorem-ipsum-dolor-sit-amet-5\/\">\n\t\tLorem ipsum dolor sit amet\t<\/a><\/h4>\n\t<p class=\"author-name\">Taraf\u0131ndan\t\t<a href=\"https:\/\/yn.com.tr\/index.php\/author\/admin\/\" title=\"admin taraf\u0131ndan yaz\u0131lan yaz\u0131lar\" rel=\"author\">admin<\/a>\t<\/p>\n\t\t<div><p class=\"post-excerpt\">[vc_row][vc_column][vc_single_image source=\"featured_image\" img_size=\"360x170\" alignment=\"center\" el_class=\"pull-right m-b m-b-xs m-l-lg\" label=\"\"][vc_column_text el_class=\"lead\"]Lorem ipsum dolor sit amet, gravida nibh vel velit auctor...  <a class=\"read-more\" href=\"https:\/\/yn.com.tr\/index.php\/2016\/07\/23\/lorem-ipsum-dolor-sit-amet-5\/\">daha fazla oku <i class=\"fas fa-angle-right\"><\/i><\/a><\/p><\/div> <\/div>\n<\/div>\t\t<\/div>\n\t<\/div>\n\t<\/div>[\/vc_column][\/vc_row]<\/p>\n","protected":false},"excerpt":{"rendered":"<p>[vc_row wrap_container=&#8221;yes&#8221; el_class=&#8221;p-t-xxl p-b-xxl&#8221;][vc_column offset=&#8221;vc_col-md-4&#8243;][vc_custom_heading text=&#8221;YN PROJE YAPI A.\u015e.&#8221; use_theme_fonts=&#8221;yes&#8221; el_class=&#8221;m-t-md m-b-none&#8221;][vc_column_text el_class=&#8221;lead m-b-none&#8221;]B\u0130Z K\u0130M\u0130Z?[\/vc_column_text][\/vc_column][vc_column width=&#8221;1\/6&#8243; offset=&#8221;vc_hidden-sm vc_hidden-xs&#8221;][vc_single_image source=&#8221;external_link&#8221; custom_src=&#8221;\/\/sw-themes.com\/porto_dummy\/wp-content\/uploads\/images\/dotted-line-angle.png&#8221; el_class=&#8221;m-t-n-xs m-b-none&#8221;][\/vc_column][vc_column offset=&#8221;vc_col-md-6&#8243;][vc_column_text el_class=&#8221;m-t-md m-b-none&#8221;] YN PROJE YAPI A\u015e., uzman ekibi ve pratik \u00e7\u00f6z\u00fcmleri ile hizmet kalitesini her ge\u00e7en g\u00fcn artt\u0131rarak sekt\u00f6r\u00fcndeki rekabette kendini ve m\u00fc\u015fterilerini en \u00f6ne ta\u015f\u0131maktad\u0131r. \u00dcr\u00fcn ve hizmet kalitesini kurulu\u015fundan bu [&hellip;]<\/p>\n","protected":false},"author":1,"featured_media":0,"parent":0,"menu_order":0,"comment_status":"closed","ping_status":"closed","template":"","meta":{"footnotes":""},"class_list":["post-143","page","type-page","status-publish","hentry"],"_links":{"self":[{"href":"https:\/\/yn.com.tr\/index.php\/wp-json\/wp\/v2\/pages\/143","targetHints":{"allow":["GET"]}}],"collection":[{"href":"https:\/\/yn.com.tr\/index.php\/wp-json\/wp\/v2\/pages"}],"about":[{"href":"https:\/\/yn.com.tr\/index.php\/wp-json\/wp\/v2\/types\/page"}],"author":[{"embeddable":true,"href":"https:\/\/yn.com.tr\/index.php\/wp-json\/wp\/v2\/users\/1"}],"replies":[{"embeddable":true,"href":"https:\/\/yn.com.tr\/index.php\/wp-json\/wp\/v2\/comments?post=143"}],"version-history":[{"count":37,"href":"https:\/\/yn.com.tr\/index.php\/wp-json\/wp\/v2\/pages\/143\/revisions"}],"predecessor-version":[{"id":500,"href":"https:\/\/yn.com.tr\/index.php\/wp-json\/wp\/v2\/pages\/143\/revisions\/500"}],"wp:attachment":[{"href":"https:\/\/yn.com.tr\/index.php\/wp-json\/wp\/v2\/media?parent=143"}],"curies":[{"name":"wp","href":"https:\/\/api.w.org\/{rel}","templated":true}]}}